{"id":22,"date":"2007-05-13T22:01:33","date_gmt":"2007-05-14T01:01:33","guid":{"rendered":"http:\/\/www.boaglio.com\/index.php\/guia-plsql-web-toolkit\/"},"modified":"2009-08-07T21:26:29","modified_gmt":"2009-08-08T00:26:29","slug":"guia-plsql-web-toolkit","status":"publish","type":"page","link":"https:\/\/boaglio.com\/index.php\/oracle\/guia-plsql-web-toolkit\/","title":{"rendered":"Guia PL\/SQL Web Toolkit"},"content":{"rendered":"<br \/>\n<h1>Guia PL\/SQL Web Toolkit<\/h1>\n<p><img decoding=\"async\" src=\"\/guia\/guia.jpg\" alt=\"\" \/><\/p>\n<p><!--adsense#bannertextoinicio--><\/p>\n<p>Ap\u00f3s sete anos de pr\u00e1tica resolvi publicar<br \/>\n    esse guia que \u00e9 uma m\u00e3o na roda para todo desenvolvedor Oracle\/Web.\n   <\/p>\n<p>Esta \u00e9 uma breve descri\u00e7\u00e3o do t\u00e3o esperado Guia PL\/SQL Web Toolkit:<\/p>\n<ul>\n<li style=\"list-style-type:disc;\">\n      Um guia completo de desenvolvimento de aplica\u00e7\u00f5es Web para programadores Oracle que n\u00e3o tem conhecimento de HTML\n    <\/li>\n<li style=\"list-style-type:disc;\">\n     Descri\u00e7\u00e3o de todas as rotinas do PL\/SQL Web Toolkit de maneira<br \/>\n     clara e objetiva, voltada ao r\u00e1pido desenvolvimento\n    <\/li>\n<li style=\"list-style-type:disc;\">\n     Inclui exemplos pr\u00e1ticos e did\u00e1ticos para um r\u00e1pido desenvolvimento<br \/>\n     de aplica\u00e7\u00f5es\n    <\/li>\n<li style=\"list-style-type:disc;\">\n     Inclui instru\u00e7\u00f5es passo a passo de configura\u00e7\u00e3o de um ambiente<br \/>\n     de desenvolvimento Web em Apache e Oracle 9iAS Portal.\n    <\/li>\n<li style=\"list-style-type:disc;\">\n     Indispens\u00e1vel para quem quer ingressar no desenvolvimento<br \/>\n     Web\/Oracle usando as mais novas tecnologias do mercado\n    <\/li>\n<li style=\"list-style-type:disc;\">\n     Pr\u00e1tico para carregar e consultar\n    <\/li>\n<\/ul>\n<h1>Qual o conte\u00fado ?<\/h1>\n<p>Clique <a href=\"\/guia\/Indice-GuiaPLSQLWebToolkit.pdf\">aqui<\/a> para baixar o \u00edndice<br \/>\ndo Guia PL\/SQL Web Toolkit.\n  <\/p>\n<p><!--adsense#bannertextomeio--><\/p>\n<p>Clique <a href=\"\/guia\/online\/\">aqui<\/a>para consultar todo o Guia PL\/SQL Web Toolkit<br \/>\ndispon\u00edvel on-line.\n   <\/p>\n<h1>Quanto custa ?<\/h1>\n<p> R$ 20,00 + despesas postais por SEDEX (Embalagem de R$1,50 + transporte).<\/p>\n<p>Acesse o site dos Correios para o c\u00e1lculo do pre\u00e7o  <a href=\"http:\/\/www.correios.com.br\/encomendas\/precos\/default.cfm\" target=\"_BLANK\">http:\/\/www.correios.com.br<\/a>.\n    <\/p>\n<p> O endere\u00e7o de origem dever\u00e1 ser calculado<br \/>\n    para a SP-Capital para transportar at\u00e9 1kg.<\/p>\n<h1>Como pedir um ?<\/h1>\n<form action=\"solicita.php\"  name=\"form\" onsubmit=\"return checkEmail(this)\">\n<p>\n     Escreva o seu email aqui e aguarde as instru\u00e7\u00f5es de pagamento:<br \/>\n    <input disabled type=\"text\" name=\"p_email\" size=\"30\" \/><br \/>\n    <input disabled type=\"submit\" value=\"Mandar\" \/>\n    <\/p>\n<\/p><\/form>\n<div style=\"font: 23px Verdana, sans-serif;font-weight: bold;color: red;text-decoration:blink;font-size: 200% \">EDI\u00c7\u00d5ES ESGOTADAS!!!! <\/div>\n","protected":false},"excerpt":{"rendered":"<p>Guia PL\/SQL Web Toolkit Ap\u00f3s sete anos de pr\u00e1tica resolvi publicar esse guia que \u00e9 uma m\u00e3o na roda para todo desenvolvedor Oracle\/Web. Esta \u00e9 uma breve descri\u00e7\u00e3o do t\u00e3o esperado Guia PL\/SQL Web Toolkit: Um guia completo de desenvolvimento de aplica\u00e7\u00f5es Web para programadores Oracle que n\u00e3o tem conhecimento de HTML Descri\u00e7\u00e3o de todas [&hellip;]<\/p>\n","protected":false},"author":1,"featured_media":0,"parent":300,"menu_order":0,"comment_status":"open","ping_status":"open","template":"","meta":{"footnotes":""},"class_list":["post-22","page","type-page","status-publish","hentry"],"yoast_head":"<!-- This site is optimized with the Yoast SEO plugin v27.5 - https:\/\/yoast.com\/product\/yoast-seo-wordpress\/ -->\n<title>Guia PL\/SQL Web Toolkit - Boaglio.com<\/title>\n<meta name=\"robots\" content=\"index, follow, max-snippet:-1, max-image-preview:large, max-video-preview:-1\" \/>\n<link rel=\"canonical\" href=\"https:\/\/boaglio.com\/index.php\/oracle\/guia-plsql-web-toolkit\/\" \/>\n<meta property=\"og:locale\" content=\"pt_BR\" \/>\n<meta property=\"og:type\" content=\"article\" \/>\n<meta property=\"og:title\" content=\"Guia PL\/SQL Web Toolkit - Boaglio.com\" \/>\n<meta property=\"og:description\" content=\"Guia PL\/SQL Web Toolkit Ap\u00f3s sete anos de pr\u00e1tica resolvi publicar esse guia que \u00e9 uma m\u00e3o na roda para todo desenvolvedor Oracle\/Web. Esta \u00e9 uma breve descri\u00e7\u00e3o do t\u00e3o esperado Guia PL\/SQL Web Toolkit: Um guia completo de desenvolvimento de aplica\u00e7\u00f5es Web para programadores Oracle que n\u00e3o tem conhecimento de HTML Descri\u00e7\u00e3o de todas [&hellip;]\" \/>\n<meta property=\"og:url\" content=\"https:\/\/boaglio.com\/index.php\/oracle\/guia-plsql-web-toolkit\/\" \/>\n<meta property=\"og:site_name\" content=\"Boaglio.com\" \/>\n<meta property=\"article:modified_time\" content=\"2009-08-08T00:26:29+00:00\" \/>\n<meta property=\"og:image\" content=\"https:\/\/boaglio.com\/guia\/guia.jpg\" \/>\n<meta name=\"twitter:label1\" content=\"Est. tempo de leitura\" \/>\n\t<meta name=\"twitter:data1\" content=\"1 minuto\" \/>\n<script type=\"application\/ld+json\" class=\"yoast-schema-graph\">{\"@context\":\"https:\\\/\\\/schema.org\",\"@graph\":[{\"@type\":\"WebPage\",\"@id\":\"https:\\\/\\\/boaglio.com\\\/index.php\\\/oracle\\\/guia-plsql-web-toolkit\\\/\",\"url\":\"https:\\\/\\\/boaglio.com\\\/index.php\\\/oracle\\\/guia-plsql-web-toolkit\\\/\",\"name\":\"Guia PL\\\/SQL Web Toolkit - Boaglio.com\",\"isPartOf\":{\"@id\":\"https:\\\/\\\/boaglio.com\\\/#website\"},\"datePublished\":\"2007-05-14T01:01:33+00:00\",\"dateModified\":\"2009-08-08T00:26:29+00:00\",\"breadcrumb\":{\"@id\":\"https:\\\/\\\/boaglio.com\\\/index.php\\\/oracle\\\/guia-plsql-web-toolkit\\\/#breadcrumb\"},\"inLanguage\":\"pt-BR\",\"potentialAction\":[{\"@type\":\"ReadAction\",\"target\":[\"https:\\\/\\\/boaglio.com\\\/index.php\\\/oracle\\\/guia-plsql-web-toolkit\\\/\"]}]},{\"@type\":\"BreadcrumbList\",\"@id\":\"https:\\\/\\\/boaglio.com\\\/index.php\\\/oracle\\\/guia-plsql-web-toolkit\\\/#breadcrumb\",\"itemListElement\":[{\"@type\":\"ListItem\",\"position\":1,\"name\":\"In\u00edcio\",\"item\":\"https:\\\/\\\/boaglio.com\\\/\"},{\"@type\":\"ListItem\",\"position\":2,\"name\":\"Oracle\",\"item\":\"https:\\\/\\\/boaglio.com\\\/index.php\\\/oracle\\\/\"},{\"@type\":\"ListItem\",\"position\":3,\"name\":\"Guia PL\\\/SQL Web Toolkit\"}]},{\"@type\":\"WebSite\",\"@id\":\"https:\\\/\\\/boaglio.com\\\/#website\",\"url\":\"https:\\\/\\\/boaglio.com\\\/\",\"name\":\"Boaglio.com\",\"description\":\"tecnologia e cr\u00edticas construtivas\",\"potentialAction\":[{\"@type\":\"SearchAction\",\"target\":{\"@type\":\"EntryPoint\",\"urlTemplate\":\"https:\\\/\\\/boaglio.com\\\/?s={search_term_string}\"},\"query-input\":{\"@type\":\"PropertyValueSpecification\",\"valueRequired\":true,\"valueName\":\"search_term_string\"}}],\"inLanguage\":\"pt-BR\"}]}<\/script>\n<!-- \/ Yoast SEO plugin. -->","yoast_head_json":{"title":"Guia PL\/SQL Web Toolkit - Boaglio.com","robots":{"index":"index","follow":"follow","max-snippet":"max-snippet:-1","max-image-preview":"max-image-preview:large","max-video-preview":"max-video-preview:-1"},"canonical":"https:\/\/boaglio.com\/index.php\/oracle\/guia-plsql-web-toolkit\/","og_locale":"pt_BR","og_type":"article","og_title":"Guia PL\/SQL Web Toolkit - Boaglio.com","og_description":"Guia PL\/SQL Web Toolkit Ap\u00f3s sete anos de pr\u00e1tica resolvi publicar esse guia que \u00e9 uma m\u00e3o na roda para todo desenvolvedor Oracle\/Web. Esta \u00e9 uma breve descri\u00e7\u00e3o do t\u00e3o esperado Guia PL\/SQL Web Toolkit: Um guia completo de desenvolvimento de aplica\u00e7\u00f5es Web para programadores Oracle que n\u00e3o tem conhecimento de HTML Descri\u00e7\u00e3o de todas [&hellip;]","og_url":"https:\/\/boaglio.com\/index.php\/oracle\/guia-plsql-web-toolkit\/","og_site_name":"Boaglio.com","article_modified_time":"2009-08-08T00:26:29+00:00","og_image":[{"url":"https:\/\/boaglio.com\/guia\/guia.jpg","type":"","width":"","height":""}],"twitter_misc":{"Est. tempo de leitura":"1 minuto"},"schema":{"@context":"https:\/\/schema.org","@graph":[{"@type":"WebPage","@id":"https:\/\/boaglio.com\/index.php\/oracle\/guia-plsql-web-toolkit\/","url":"https:\/\/boaglio.com\/index.php\/oracle\/guia-plsql-web-toolkit\/","name":"Guia PL\/SQL Web Toolkit - Boaglio.com","isPartOf":{"@id":"https:\/\/boaglio.com\/#website"},"datePublished":"2007-05-14T01:01:33+00:00","dateModified":"2009-08-08T00:26:29+00:00","breadcrumb":{"@id":"https:\/\/boaglio.com\/index.php\/oracle\/guia-plsql-web-toolkit\/#breadcrumb"},"inLanguage":"pt-BR","potentialAction":[{"@type":"ReadAction","target":["https:\/\/boaglio.com\/index.php\/oracle\/guia-plsql-web-toolkit\/"]}]},{"@type":"BreadcrumbList","@id":"https:\/\/boaglio.com\/index.php\/oracle\/guia-plsql-web-toolkit\/#breadcrumb","itemListElement":[{"@type":"ListItem","position":1,"name":"In\u00edcio","item":"https:\/\/boaglio.com\/"},{"@type":"ListItem","position":2,"name":"Oracle","item":"https:\/\/boaglio.com\/index.php\/oracle\/"},{"@type":"ListItem","position":3,"name":"Guia PL\/SQL Web Toolkit"}]},{"@type":"WebSite","@id":"https:\/\/boaglio.com\/#website","url":"https:\/\/boaglio.com\/","name":"Boaglio.com","description":"tecnologia e cr\u00edticas construtivas","potentialAction":[{"@type":"SearchAction","target":{"@type":"EntryPoint","urlTemplate":"https:\/\/boaglio.com\/?s={search_term_string}"},"query-input":{"@type":"PropertyValueSpecification","valueRequired":true,"valueName":"search_term_string"}}],"inLanguage":"pt-BR"}]}},"_links":{"self":[{"href":"https:\/\/boaglio.com\/index.php\/wp-json\/wp\/v2\/pages\/22","targetHints":{"allow":["GET"]}}],"collection":[{"href":"https:\/\/boaglio.com\/index.php\/wp-json\/wp\/v2\/pages"}],"about":[{"href":"https:\/\/boaglio.com\/index.php\/wp-json\/wp\/v2\/types\/page"}],"author":[{"embeddable":true,"href":"https:\/\/boaglio.com\/index.php\/wp-json\/wp\/v2\/users\/1"}],"replies":[{"embeddable":true,"href":"https:\/\/boaglio.com\/index.php\/wp-json\/wp\/v2\/comments?post=22"}],"version-history":[{"count":2,"href":"https:\/\/boaglio.com\/index.php\/wp-json\/wp\/v2\/pages\/22\/revisions"}],"predecessor-version":[{"id":303,"href":"https:\/\/boaglio.com\/index.php\/wp-json\/wp\/v2\/pages\/22\/revisions\/303"}],"up":[{"embeddable":true,"href":"https:\/\/boaglio.com\/index.php\/wp-json\/wp\/v2\/pages\/300"}],"wp:attachment":[{"href":"https:\/\/boaglio.com\/index.php\/wp-json\/wp\/v2\/media?parent=22"}],"curies":[{"name":"wp","href":"https:\/\/api.w.org\/{rel}","templated":true}]}}